e 10222283?
False
Is 30 a factor of 115680?
True
Does 134 divide 1085134?
False
Is 233394 a multiple of 6?
True
Is 224784 a multiple of 21?
True
Is 1628931 a multiple of 116?
False
Is 2904671 a multiple of 1309?
True
Is 101 a factor of 2950705?
False
Is 718720 a multiple of 128?
True
Does 767 divide 1257113?
True
Does 210 divide 4410?
True
Is 45 a factor of 282751?
False
Does 207 divide 21209?
False
Does 133 divide 312503?
False
Is 70 a factor of 12327350?
True
Is 103 a factor of 120201?
True
Is 19150347 a multiple of 969?
True
Does 72 divide 1703592?
True
Is 126588 a multiple of 12?
True
Is 149524 a multiple of 29?
True
Is 62 a factor of 823060?
False
Is 56 a factor of 38808?
True
Is 69270 a multiple of 10?
True
Does 19 divide 391609?
True
Is 61 a factor of 528199?
True
Does 95 divide 616791?
False
Is 22 a factor of 371681?
False
Is 2392888 a multiple of 41?
False
Does 24 divide 98736?
True
Is 10 a factor of 44611?
False
Does 8 divide 1117660?
False
Does 619 divide 1082390?
False
Is 254912 a multiple of 16?
True
Is 414 a factor of 5109174?
True
Is 3 a factor of 7650?
True
Does 274 divide 238046?
False
Does 97 divide 9057181?
True
Does 3 divide 151256?
False
Is 5031273 a multiple of 13?
True
Is 26 a factor of 258596?
True
Is 548050 a multiple of 50?
True
Is 6374725 a multiple of 81?
False
Is 4718478 a multiple of 471?
True
Is 29 a factor of 3114252?
True
Is 680527 a multiple of 7?
False
Is 652575 a multiple of 105?
True
Does 87 divide 2333247?
False
Does 2 divide 2352404?
True
Is 2 a factor of 87401?
False
Does 9 divide 554841?
True
Is 309 a factor of 858986?
False
Is 78 a factor of 36036?
True
Does 7 divide 93121?
True
Is 43132 a multiple of 2?
True
Is 1111472 a multiple of 79?
False
Does 29 divide 92307?
True
Does 26 divide 928612?
False
Is 2868159 a multiple of 183?
True
Does 625 divide 11230000?
True
Is 20243226 a multiple of 102?
True
Does 229 divide 1222263?
False
Is 37 a factor of 37888?
True
Is 3694198 a multiple of 11?
False
Is 220050 a multiple of 81?
False
Does 123 divide 26937?
True
Does 9 divide 95567?
False
Is 193 a factor of 70445?
True
Is 241 a factor of 730737?
False
Does 21 divide 1285032?
True
Is 1915314 a multiple of 106?
True
Is 58 a factor of 1000964?
True
Does 495 divide 695475?
True
Is 4 a factor of 7747?
False
Is 184559 a multiple of 241?
False
Is 153 a factor of 232866?
True
Does 5 divide 1666?
False
Is 579 a factor of 32424?
True
Is 714396 a multiple of 9?
False
Is 41 a factor of 1194990?
False
Is 16339 a multiple of 11?
False
Is 7 a factor of 807721?
False
Is 352 a factor of 1714891?
False
Does 35 divide 51263?
False
Is 5 a factor of 205152?
False
Is 22 a factor of 312685?
False
Is 580 a factor of 2791434?
False
Is 125 a factor of 327375?
True
Is 21 a factor of 721203?
True
Is 138467 a multiple of 131?
True
Does 462 divide 188034?
True
Is 129283 a multiple of 23?
True
Is 3 a factor of 21509?
False
Is 52 a factor of 8757736?
True
Does 21 divide 73595?
False
Is 27094 a multiple of 23?
True
Does 6 divide 634242?
True
Does 5 divide 2428690?
True
Is 82016 a multiple of 176?
True
Does 55 divide 79145?
True
Is 703689 a multiple of 9?
False
Is 1269648 a multiple of 17?
False
Does 12 divide 2231700?
True
Does 23 divide 44712?
True
Is 39294 a multiple of 28?
False
Is 16 a factor of 21856?
True
Does 35 divide 1332870?
True
Does 31 divide 145607?
True
Does 49 divide 929922?
True
Is 152 a factor of 2538856?
True
Is 576 a factor of 3528218?
False
Does 252 divide 1152423?
False
Is 29 a factor of 88653?
True
Is 18 a factor of 424227?
False
Does 45 divide 515749?
False
Is 302190 a multiple of 70?
True
Does 4 divide 77392?
True
Does 96 divide 535872?
True
Is 2 a factor of 57159?
False
Does 18 divide 1258776?
True
Is 228922 a multiple of 85?
False
Is 56070 a multiple of 89?
True
Does 43 divide 935651?
False
Is 1223818 a multiple of 62?
True
Is 2207572 a multiple of 124?
True
Does 117 divide 999414?
True
Is 479780 a multiple of 161?
True
Is 19 a factor of 937935?
True
Is 42 a factor of 2947014?
True
Is 435 a factor of 319725?
True
Does 10 divide 71950?
True
Is 10 a factor of 5389328?
False
Is 626 a factor of 2902762?
True
Is 768335 a multiple of 8?
False
Is 1310843 a multiple of 541?
True
Does 2 divide 91971?
False
Is 894789 a multiple of 147?
True
Is 1030452 a multiple of 12?
True
Does 3 divide 257226?
True
Does 52 divide 52780?
True
Is 66900 a multiple of 30?
True
Is 1156970 a multiple of 1099?
False
Is 43 a factor of 1226962?
True
Does 93 divide 10967813?
False
Does 6 divide 2508686?
False
Does 216 divide 200327?
False
Is 91 a factor of 98353?
False
Does 33 divide 59381?
False
Is 287 a factor of 243492?
False
Is 45 a factor of 23625?
True
Is 1469894 a multiple of 38?
False
Is 7 a factor of 411299?
True
Is 1294080 a multiple of 816?
False
Does 242 divide 412368?
True
Is 105 a factor of 334376?
False
Does 9 divide 21049?
False
Is 62039 a multiple of 3?
False
Is 855070 a multiple of 74?
True
Does 560 divide 343426?
False
Does 12 divide 15624?
True
Is 1628790 a multiple of 916?
False
Is 78 a factor of 175734?
True
Is 180109 a multiple of 233?
True
Is 1623 a factor of 21095754?
True
Is 34 a factor of 309632?
False
Is 64 a factor of 517952?
True
Is 2 a factor of 2499?
False
Is 3 a factor of 2375?
False
Is 9 a factor of 335277?
True
Does 349 divide 2822363?
True
Does 47 divide 4548915?
False
Is 156 a factor of 2321436?
True
Is 242 a factor of 869943?
False
Is 217273 a multiple of 2?
False
Is 31 a factor of 24144660?
True
Is 7100376 a multiple of 1990?
False
Is 153 a factor of 1023389?
False
Does 88 divide 145059?
False
Does 66 divide 3960631?
False
Is 40 a factor of 521589?
False
Is 168 a factor of 3133704?
True
Is 27 a factor of 395550?
True
Is 1433470 a multiple of 58?
True
Is 242896 a multiple of 188?
True
Is 865 a factor of 601049?
False
Does 17 divide 54803?
False
Is 33 a factor of 596805?
True
Is 4 a factor of 115892?
True
Does 141 divide 24501429?
True
Does 61 divide 247309?
False
Is 84 a factor of 1060248?
True
Is 12 a factor of 289668?
True
Does 310 divide 1649938?
False
Is 16 a factor of 941313?
False
Is 425928 a multiple of 51?
False
Is 32 a factor of 144105?
False
Does 57 divide 1793961?
True
Is 44877 a multiple of 21?
True
Is 583 a factor of 418011?
True
Is 18 a factor of 3659922?
True
Is 210552 a multiple of 186?
True
Is 497 a factor of 664489?
True
Does 42 divide 346752?
True
Is 13097280 a multiple of 28?
True
Is 39 a factor of 105729?
True
Is 26 a factor of 17186?
True
Is 3460808 a multiple of 12?
False
Does 598 divide 7968353?
False
Does 6 divide 1881965?
False
Is 4216033 a multiple of 67?
False
Is 300787 a multiple of 3?
False
Does 26 divide 16900?
True
Does 207 divide 208211?
False
Does 11 divide 19195?
True
Does 133 divide 15597502?
False
Is 494295 a multiple of 93?
True
Is 6 a factor of 25240?
False
Is 862 a factor of 679246?
False
Is 4283095 a multiple of 1021?
True
Does 973 divide 4480261?
False
Is 12 a factor of 2985903?
False
Is 744841 a multiple of 30?
False
Is 524480 a multiple of 20?
True
Does 154 divide 451431?
False
Does 143 divide 636650?
False
Is 27 a factor of 3176388?
True
Is 51 a factor of 1645668?
True
Is 7086 a multiple of 21?
False
Does 34 divide 2897208?
True
Is 35 a factor of 8477805?
True
Is 14 a factor of 191660?
True
Does 68 divide 1844296?
True
Is 98 a factor of 1555411?
False
Is 23 a factor of 14757087?
False
Is 40 a factor of 964637?
False
Does 121 divide 901450?
True
Does 116 divide 983362?
False
Is 1518647 a multiple of 492?
False
Is 43776 a multiple of 6?
True
Is 229 a factor of 8156980?
True
Is 88 a factor of 32296?
True
Is 94 a factor of 866868?
True
Is 17 a factor of 150004?
False
Is 18 a factor of 102763?
False
Is 11 a factor of 513359?
True
Does 92 divide 27331?
False
Is 3741820 a multiple of 10?
True
Does 29 divide 224745?
False
Does 211 divide 1717685?
False
Is 13 a factor of 638586?
True
Is 63 a factor of 2416617?
True
Is 6 a factor of 371428?
False
Is 3773889 a multiple of 777?
True
Does 290 divide 3511422?
False
Does 350 divide 639128?
False
Does 20 divide 250368?
False
Is 235065 a multiple of 4?
False
Does 135 divide 188325?
True
Is 28 a factor of 7217392?
True
Is 1479748 a multiple of 34?
True
Is 234 a factor of 3747744?
True
Does 647 divide 18015157?
False
Does 119 divide 5